 7. Does 7 divide w(7)?
True
Suppose 0 = -i, 0 = 5*q - i - 31 + 6. Suppose -3*n + 2*h = -49, -q*n - 5*h + 115 = -0*n. Is n a multiple of 5?
False
Let i = 26 + -21. Suppose 0*b + 40 = i*b. Does 5 divide b?
False
Let a(f) = f**3 + 3*f**2 - 2*f - 3. Let x be a(-3). Let n be 1/3*1*x. Does 2 divide 3 + 0/(-3) + n?
True
Suppose -3*l + 15 = 2*r, -3*r - 5*l = -12 - 13. Let t = -11 + r. Let w = 5 - t. Is 8 a factor of w?
True
Let v = -10 + 9. Let m(h) = -15*h**2 - 4*h - 1. Let d(g) = g**2 - g. Let l(x) = 2*d(x) - m(x). Is l(v) a multiple of 9?
False
Suppose 6 = 2*f - 2. Let d = -1 + f. Suppose 5*n - d*n = 14. Does 2 divide n?
False
Suppose 11 + 14 = -5*h, -k - 4*h + 15 = 0. Does 7 divide k?
True
Let x = 11 - 21. Suppose -f - 3*f + 4*s + 20 = 0, -f - 3 = s. Let u = f - x. Does 11 divide u?
True
Let o(z) = -4*z + 4. Let d(n) = -9*n + 7. Let l(j) = 2*d(j) - 5*o(j). Suppose -6 = -3*m - 2*b + 5, 12 = m - b. Is l(m) a multiple of 4?
True
Let f = 0 + 8. Is 3 a factor of f?
False
Suppose t - 6*t - 20 = 0. Let a(h) = -h**3 - 3*h**2 + h + 4. Is a(t) a multiple of 13?
False
Suppose -2*r + 3*c - 6 - 3 = 0, 5*r + 65 = -c. Let f(w) = w**2 - 8*w - 6. Let j be f(8). Let h = j - r. Is h a multiple of 5?
False
Suppose -5*d + 133 = 28. Is 23*-3*(-14)/d a multiple of 15?
False
Suppose -4*v + 12 = -4*d, 3*v + 2*d - 21 = -d. Suppose 4*k = 3*x - 22, x + 4*k = v*k + 6. Suppose 5*g = x*g + 51. Does 12 divide g?
False
Suppose 0 = 2*l - 5*l - 3*z + 816, -3*z = -5*l + 1320. Is 30 a factor of l?
False
Suppose 5*x = 2*x - 36. Let r = -10 - x. Let g = r - -12. Is 14 a factor of g?
True
Let l(q) = q + 1. Let v be l(1). Suppose 14 = v*r - 18. Does 18 divide ((-165)/(-20))/(6/r)?
False
Suppose -2*f = 8, 78 = 5*z - f - 166. Does 3 divide z?
True
Let d(f) = 7*f - 1. Let a be d(1). Suppose 0 = 3*p - a*p + 147. Is p a multiple of 20?
False
Let w be (80/12)/4*3. Suppose c + 16 = w*x + 56, 2*x = -4*c + 138. Does 9 divide c?
False
Suppose 5*j + 0*j = 25. Suppose 3*a - 4*h = 59, -j*h + 3 + 4 = a. Does 7 divide a?
False
Let w be ((-20)/25)/(2/(-5)). Let h(g) = w*g + 19 + 0*g - 4*g + g. Does 13 divide h(0)?
False
Suppose -3*k + 12 = -4*w - 8*k, -3*w - 9 = 5*k. Let g = w + 7. Is (34/g)/((-4)/(-8)) a multiple of 17?
True
Let m(c) = c**3 - 9*c**2 - 6*c. Is 10 a factor of m(10)?
True
Let r(b) = b**2 + 6*b - 5. Let o be r(-7). Suppose -2*l - 455 = -2*p - 3*p, 3*p - 247 = -4*l. Suppose 0 = 2*q - 2, 3*w + o*q - p = -3*q. Is w a multiple of 14?
True
Suppose 3*r - 10 = 5. Suppose -r*m + 170 = -6*a + a, 2*a = -m + 31. Is 22 a factor of m?
False
Let n be (-3)/12 + (-42)/(-8). Let w be (-48)/(-15) - 1/n. Suppose s - 4*s + 39 = u, -s + w*u + 13 = 0. Is s a multiple of 8?
False
Suppose 4*w + 18 = 2*g + 76, -80 = -5*w + 5*g. Suppose -2*t + w = -19. Does 4 divide t?
True
Let c(y) = -8*y - 5. Let r(n) = -15*n - 11. Let t(d) = 11*c(d) - 6*r(d). Is t(10) a multiple of 19?
False
Suppose 0 = -2*p + 3*p - 106. Is p a multiple of 10?
False
Let h = 2 + -3. Suppose 2*m - 8 = -5*t + 1, 12 = 4*m + 4*t. Does 8 divide h/m + (-17)/(-2)?
True
Suppose 114 - 10 = 2*z. Is 9 a factor of z?
False
Suppose 0*n - y = -4*n + 114, -3*n + 77 = -5*y. Let t = 67 - n. Is 19 a factor of t?
True
Suppose 29 - 9 = 4*b. Suppose -182 + 57 = -b*y. Is y a multiple of 13?
False
Let y = 2 + -2. Let g = 7 + -1. Let z = y + g. Is 6 a factor of z?
True
Suppose 6*x = 5*x. Is 9 a factor of 18/4*(2 + x)?
True
Suppose -3*l - 4*t = -1, 0 = 4*l + 3*t - 8 - 5. Does 7 divide l?
True
Suppose u - 185 = 5*p - 25, 2*u = -p + 353. Is 18 a factor of u?
False
Let x = 61 - 35. Is x a multiple of 13?
True
Let m = 23 - 14. Let x = m - 6. Does 3 divide x?
True
Let p = -21 + -78. Suppose -5*n - 2*i = -24 - 12, -2*n = i - 15. Is 10 a factor of (-12)/9*p/n?
False
Let t be 11/(-9) + 2/9. Let z(g) = -27*g**3 - g**2 - 2*g - 1. Let m be z(t). Does 14 divide 1/((-80)/m + 3)?
False
Suppose 0*g + 5*g - 15 = 0. Suppose -g + 11 = x. Is x a multiple of 2?
True
Let a(f) = f**2 - f + 0*f - 4 + 2. Is a(-4) a multiple of 15?
False
Let c(x) = 2*x**3 - 10*x**2 + x - 1. Let w be c(7). Suppose -6*b + w + 86 = 0. Is b a multiple of 12?
True
Let r be 18/4 - 2/4. Let p be (-9)/18 + (-22)/(-4). Suppose 4*q + r*z - 36 = 2*z, q = -p*z. Is q a multiple of 8?
False
Suppose -7 = -3*s - 0*b + 5*b, -2*s + b = -14. Does 3 divide s?
True
Let k(z) = -2*z. Let i be 2/(-9) - (-70)/(-9). Let j = -12 - i. Is 8 a factor of k(j)?
True
Let l(d) = d + 1. Is 3 a factor of l(5)?
True
Let p(d) = -d**3 - 2*d**2 - 2*d - 1. Let l be p(-3). Suppose 4*w + 6 = -h, 3*h + 0*w - 4*w = l. Is h a multiple of 2?
True
Suppose -2*l + 3*a + 12 = 0, -l + 5*a = -2*l - 20. Suppose -2*o - 3*o = l. Suppose -2*q + 56 = -o*q - 4*k, -2*k + 74 = 2*q. Is 17 a factor of q?
True
Let q(n) = -6*n - 2. Is q(-3) a multiple of 7?
False
Let z(r) = 2*r**2 - 4*r + 3. Suppose 2*i = -1 + 5. Let f be z(i). Suppose s + 31 = f*h, 2*h + 4*s - 19 = h. Is 4 a factor of h?
False
Let s(b) = b - 4. Let v be s(6). Let d = v - 7. Is (d/(-4))/1*4 a multiple of 5?
True
Let u be ((-3)/4)/((-2)/8). Let h(m) = -m**3 - 5*m**2 + m - 12. Let x be h(-6). Suppose u*c - x = 18. Is c a multiple of 12?
True
Let c be 22/4 + 3/(-2). Suppose -4*r = -c*l - 36, -3*r + 8*r = 3*l + 35. Suppose t - 38 = -m, 0 = 4*m - m - r*t - 114. Is m a multiple of 19?
True
Is 12 a factor of (-6)/(-33) - (-832)/22?
False
Let d(t) = t - 8. Let g be d(11). Suppose -2*b - g*b = -120. Is b a multiple of 24?
True
Suppose 6*w - w - 13 = -2*b, 5*b - 17 = 3*w. Suppose o = 2*r - 1, -r + o + 0*o = w. Suppose -3*j - r*j + 20 = 0. Is 3 a factor of j?
False
Let q = -1 + 3. Suppose u + 0*l + q*l = 0, 0 = -3*u - 4*l + 2. Suppose 3*c + 2 = u*a - 13, -28 = -4*a + 4*c. Is a a multiple of 6?
True
Let r = 75 + 8. Suppose 3*n = -3*x + 39, x = 5*n - 0*x - r. Let v = 51 - n. Is v a multiple of 15?
False
Let l = -70 + 126. Does 28 divide l?
True
Is 25 a factor of 21 + 2*(6 + -4)?
True
Let v(m) = 6*m + 6. Suppose -5*u = -11 + 41. Let z be v(u). Let i = -2 - z. Is 15 a factor of i?
False
Suppose 5*i - 66 - 114 = 0. Does 7 divide i?
False
Let x be (8/(-6))/(4/(-18)). Does 14 divide (0 - 3)/(x/(-32))?
False
Let b(c) = c**2 - 6*c - 7. Suppose 3*y + 5*d + 1 = -3, 0 = -3*y + d + 26. Let i be b(y). Suppose -3*r - r + 44 = i. Is 7 a factor of r?
False
Let y be 1/(-3) - (-1299)/9. Suppose 0*n + y = -5*n + 2*q, -159 = 5*n + 3*q. Does 4 divide 1/(-6) - 425/n?
False
Let u = -2 + 38. Let f = 82 - u. Is 23 a factor of f?
True
Let z be 3/(-1 + (-2)/4). Let l be (-9)/(-3) - (-1 - -6). Is l/(z/(-1)) - -25 a multiple of 10?
False
Suppose 2*z + 4*s - 107 = -s, 2*s = -5*z + 215. Does 27 divide z?
False
Suppose -5*q + 3 = -7. Suppose -13 = -q*b + 3. Suppose -b*z = -3*z - 115. Is 11 a factor of z?
False
Suppose 6 = s - 2*a, 4*s + 2*a - 4 = 10. Suppose 0 = -4*y - s*i + 240, 4*i + 6 = -6. Is y a multiple of 15?
False
Let f(u) = 2*u**2 - 4*u - 2. Suppose 0 + 2 = 2*x. Let b be x/((-7)/3 - -2). Does 14 divide f(b)?
True
Suppose 0 = 3*k - 9. Let a = 12 + k. Is a a multiple of 7?
False
Is 21 a factor of -1*(-49)/(-1)*-1?
False
Let d(p) = p**3 - 2*p + 72. Does 24 divide d(0)?
True
Let d(k) = -11*k + 35. Does 14 divide d(-7)?
True
Suppose -4*x - 66 - 38 = 0. Let t be (-3 + 2)/((-1)/x). Let b = -10 - t. Does 8 divide b?
True
Let w = 7 - 9. Let x be (4/(-6))/(2/6). Is 2 a factor of 1 + x + 3 - w?
True
Suppose 0 = a - 1 + 10. Let m = a - -34. Does 25 divide m?
True
Let g(c) = -7*c**2 - 2*c. Let j be g(-2). Let l = j + 47. Does 23 divide l?
True
Let l(a) = a**3 - 5*a**2 + 4*a + 2. Let s be l(4). Suppose 2*o = -i + 95, 5*o - i + s*i - 236 = 0. Is 18 a factor of o?
False
Is 15 a factor of -201*((-15)/(-9) - 2) - -1?
False
Let n(l) be the third derivative of 0 - l**2 - 1/12*l**4 + 7/6*l**3 + 0*l. Is n(-5) a multiple of 11?
False
Suppose 2*u - 7 = 49. Is 14 a factor of u?
True
Let z(x) be the first derivative of x**3/3 + x**2/2 - 2*x + 1. Is z(7) a multiple of 12?
False
Suppose 12 = 5*x - 3*y - y, -5*x - y + 22 = 0. Does 6 divide x - (-6)/(6/2)?
True
Let j = -3 + 6. Suppose -3*a + j*f + 42 = 9, -2*a + 4*f = -30. Is a a multiple of 7?
True
Let i(d) = 4*d + 9. Let m(k) = -5*k - 9. Let c(l) = 4*i(l) + 3*m(l). Let s be c(-7). Suppose -s*g - 3*h = -77, -2*h - h + 170 = 5*g. Is g a multiple of 12?
False
Let n(t) be the third derivative of 1/120*t**6 + 0 + 11/60*